or of m and 416?
32
Suppose 1414*g - 13293 = 1407*g. What is the greatest common factor of 36 and g?
9
Let a be 6 + (-36)/((-12)/3). Suppose 0 = -a*m - m + 256. Let i = -21 + 33. What is the greatest common divisor of i and m?
4
Let d be -229 - -230 - -13*(1 - 0). Let b = 34 - 34. Suppose b = 2*a - 47 - 65. Calculate the greatest common divisor of a and d.
14
Suppose 5*y + 3478*l - 3474*l + 6 = 0, y = l + 33. Suppose -4*c = -16, -3*x + 4*c + 1925 = -999. Calculate the greatest common factor of y and x.
14
Let u(c) = c**3 - 9*c**2 - 21*c - 11. Let a be u(11). Suppose -b - 4*l - 4 = a, -l + 75 = 9*b - 4*b. What is the greatest common divisor of 48 and b?
16
Let g = 11 + 19. Let m be 30/360 + (-93013)/(-564). Calculate the greatest common factor of m and g.
15
Let z(p) = -5*p**3 - 3*p**2 + 3. Let j be z(-3). Let w be (6 - -2)*(22 + 161/(-46)). Calculate the greatest common factor of j and w.
37
Suppose 2*i = 4*l - 824, -905*l = -906*l + 2*i + 215. Calculate the highest common divisor of l and 1972.
29
Let c(p) = 631 - 8*p**2 + 9*p + 7*p**2 - 148. Let a be c(0). Calculate the greatest common factor of a and 69.
69
Suppose 5*z = 9 + 71. Suppose -25 = -z*u + 11*u. Let j be u/3*27/3. What is the highest common factor of j and 105?
15
Suppose -4*s = -1330 - 10730. Suppose -24*k + 19*k = -s. What is the greatest common factor of k and 67?
67
Let h = -7 - -9. Suppose 2*b - h = 142. Let z(m) = 2*m**3 + 18*m**2 + 14*m + 20. Let c be z(-8). What is the highest common factor of c and b?
36
Suppose 0 = -3*l + 7*i + 102, -26 = -l + 3*i + 12. Calculate the greatest common divisor of l and 730.
10
Let w(o) = 3*o - 3. Let u(b) = -5*b + 6. Let h(j) = 4*u(j) + 7*w(j). Let k be h(5). Let v = 77 + -45. Calculate the greatest common factor of v and k.
8
Let o(c) = -c**3 - 5*c**2 + 9. Let z be o(-5). Suppose 99 = z*l - 0*l. Calculate the greatest common divisor of l and 253.
11
Suppose 5*x = -10, 5*a = -0*x - 4*x + 282. What is the greatest common divisor of a and 2929?
29
Let f = 215 + -206. Suppose f*v - 29 - 25 = 0. Calculate the greatest common factor of 78 and v.
6
Let j be (2 + (-2)/(-6))/(5/15). Let g be ((-168)/16 + j)/(1/(-62)). Calculate the greatest common factor of 14 and g.
7
Let p be 2 + 1 - (372 - -2). Let n = -171 - -742. Let j = n + p. Calculate the greatest common divisor of j and 20.
20
Let y = -968 - -1084. What is the greatest common factor of 2494 and y?
58
Let o = -3497 + 6240. What is the greatest common factor of 26 and o?
13
Suppose -4*i + 2*z + 1614 = 0, -i + 480*z + 411 = 477*z. Calculate the greatest common factor of i and 63.
3
Let q be 44/(-6) + 400/300 + (0 - -83). Calculate the highest common factor of q and 517.
11
Let a(n) = 159*n - 865. Let t be a(19). Calculate the greatest common factor of 220 and t.
44
Suppose 18 = 3*p, -20*p + 12 = 2*j - 22*p. Calculate the greatest common factor of j and 1986.
6
Suppose 9*x - 14*x = -13*x. Suppose -8*g + 1190 + 1690 = x. Calculate the greatest common factor of g and 15.
15
Let w(u) = -u + 1. Let c be w(2). Suppose 55*j - 35 = 60*j, 3*d + 51 = 3*j. Let r be (-531)/d - c/(-8). What is the highest common factor of r and 66?
22
Suppose 6*b - 10 = b. Suppose -2*s - b*w - 1 = -3*w, 5*s - 3*w + 4 = 0. Let l be (44/(-12))/(s/(-3)). Calculate the greatest common divisor of 22 and l.
11
Suppose 11*x = 3*t + 11562, -2*t - 188 + 1230 = x. Calculate the highest common factor of 18 and x.
6
Let t = -35 + 354. Suppose -4*s - 132 = -2*p, -24*p + 20*p - 3*s = -t. Calculate the greatest common divisor of 190 and p.
38
Let t = -27 - -61. Suppose -d + 14 = v - 3*d, 3*v - d = 22. Let c be (t/(0 - -2))/(v - 5). Calculate the highest common factor of 187 and c.
17
Let y(p) = -38*p**3 - 13*p**2 + 17*p - 44. Let i be y(-10). Calculate the greatest common factor of 18 and i.
18
Let c be ((-72)/5)/((-6)/20). Suppose -b - 3*b = 236. Let g = b - -131. Calculate the greatest common factor of g and c.
24
Let q be 3 - ((-3)/(24/(-16)) + -167). What is the greatest common divisor of 567 and q?
21
Let p(f) = -33*f + 3331. Let x be p(25). What is the greatest common factor of x and 28?
14
Let p = 4746 - 4680. Calculate the greatest common divisor of p and 1122.
66
Suppose -938 = -q - 4*c + 2899, 5*c + 15411 = 4*q. Suppose 0 = t - 5*t + 5*b + q, 3*t + 3*b - 2907 = 0. What is the highest common factor of 42 and t?
42
Suppose -346*s + 343*s = -1188. Let j = s - 312. Calculate the greatest common divisor of 28 and j.
28
Suppose y - 7830 - 3215 = -5*f, 0 = -2*f - 4*y + 4400. Calculate the greatest common divisor of f and 1547.
221
Suppose 5*q + 5*z - 19290 = 0, 0 = 3*q + 5*z - 3421 - 8153. Calculate the greatest common divisor of 6 and q.
6
Let h(q) = -q**2 + 35*q - 24. Let m be h(33). What is the highest common factor of m and 763?
7
Let q = -41 - -44. Let s be (q - 175/14)/((-1)/10). Calculate the greatest common divisor of 19 and s.
19
Suppose -h = -5*h + 4*v + 148, 5 = -5*v. Suppose h*f - 6978 = 2742. What is the greatest common divisor of 40 and f?
10
Let c = 2604 - 2601. What is the highest common factor of 183 and c?
3
Let n = 328 - 327. Let o(u) = 164*u - 11. Let b be o(n). Calculate the greatest common divisor of 36 and b.
9
Suppose 7*p - 1 = -15. Let i be ((-3)/(45/110))/(p/3). Suppose 3*t - 48 = -2*y + 222, 3*y - 185 = -2*t. What is the highest common factor of t and i?
11
Let k(n) = -n**2 + 30*n + 84. Let o be k(32). Let c be (84/18)/(1/6). Let m = c - 20. Calculate the highest common divisor of m and o.
4
Suppose 0 = -22*p + 7068 - 5264. Calculate the greatest common divisor of 4510 and p.
82
Let n be (3 - (-418)/13) + (-6)/39. Let z = 388 + -378. What is the greatest common factor of n and z?
5
Suppose 253 + 3712 = -7562*b + 7575*b. Calculate the highest common factor of 793 and b.
61
Let r(v) = -2*v - 2. Let a be r(-8). Let n = 13688 - 13576. Calculate the greatest common divisor of a and n.
14
Let d be (-26 - (-1 + -1)) + 2. Let n = d - -43. Let s(i) = 7*i**2 - 210*i + 3. Let m be s(30). Calculate the greatest common factor of m and n.
3
Let f = -56 - -119. Suppose -3*b - 381 = -4*c + 333, 4*c - 644 = -4*b. Calculate the highest common divisor of c and f.
9
Let j be (136*2 - 1) + -1. Suppose 5*n = -2*n + 35. Suppose 2*z = -n*v + 75, 2*v + 7 = z - 17. Calculate the highest common divisor of z and j.
30
Let f = 238 - 90. Let s be -128 - -129 - 8/24*(1 + -10). Calculate the highest common factor of s and f.
4
Let d be (4/(-3))/(20/(-30)). Let w(a) = -136*a - 2. Let j be w(-2). Let k be (5/30 + d/4)*j. What is the highest common divisor of k and 72?
36
Suppose 168 = 3*p - 33. Let h = p + 87. Let k = -12041 - -12055. What is the greatest common factor of h and k?
14
Let p(m) = -77*m + 115. Let i be p(-5). Suppose -4750 = -i*z + 490*z. What is the highest common divisor of 190 and z?
95
Let f be ((-3)/(-12)*-20)/((-20)/548). What is the highest common factor of f and 31921?
137
Let g be (-6)/((-4)/(-2336)*12). Let t = g - -875. What is the highest common divisor of t and 53?
53
Suppose -2*v = -3*l, 4*l + 8 = 4*v + 2*l. Suppose 4*n - 699 = -v*f, 0 = -4*n + n - f + 518. Calculate the highest common divisor of n and 9.
9
Let u(c) = 27 - 3*c**2 + 13*c**2 + c**3 + 29 + 11*c**2. Let g be u(-21). Calculate the highest common factor of g and 24.
8
Suppose 0 = -4*n + 5*q + 23 - 29, -4*q = -5*n - 3. Let z(h) = h**3 - 2*h**2 - h + 9. Let v be z(0). Calculate the highest common divisor of v and n.
1
Let p(c) = c**3 + 8*c**2 - 13*c - 38. Let i be p(-9). Let r be (-1)/i + 1938/76. What is the highest common divisor of r and 130?
26
Let z = 241 + -72. What is the greatest common factor of z and 221?
13
Let i = 5457 + -5009. Calculate the greatest common factor of i and 280.
56
Suppose 0 = -3*u + k + 16, 0 = -2*u - 4*k + 1 + 5. Suppose 0*l + 35 = l. Calculate the greatest common divisor of l and u.
5
Suppose -5031 = -2*z + z + 31012. What is the highest common factor of z and 133?
133
Let o be 897/33 + (-168)/(-44) + -4. Suppose o = 9*n - 45. What is the greatest common factor of n and 128?
8
Let o(i) = 2561*i**2 + 244*i + 739. Let q be o(-3). Calculate the highest common divisor of q and 176.
176
Suppose 3*h + v - 417 = 0, 4*h + 113*v = 108*v + 556. Calculate the greatest common divisor of 19182 and h.
139
Let g = 7171 + -6790. What 